-205863 (base 9) in base 8?
-357120
Convert 55629 (base 10) to base 8.
154515
Convert -19a8252 (base 11) to base 10.
-3378377
Convert -16116062 (base 8) to base 7.
-43351222
-26632441 (base 7) to base 2
-1001011001000011110000
5228a75 (base 11) to base 15
c222be
What is -78138 (base 13) in base 3?
-102001122200
-200231422 (base 5) to base 10
-789612
What is 21022110012000 (base 3) in base 6?
215144430
Convert 23242134 (base 5) to base 2.
110011110011001001
-2384d (base 15) to base 5
-12110443
-980427 (base 10) to base 14
-1b7427
Convert -70d7b9 (base 14) to base 9.
-7134286
What is 1843b (base 12) in base 5?
2111213
-324444304 (base 5) to base 3
-2122102221122
What is -112243020 (base 5) in base 11?
-318580
What is 1451e (base 16) in base 3?
11020011121
102a5 (base 13) to base 11
1a8a5
What is 101101110000001111000 (base 2) in base 3?
2211011121000
Convert -b2a641 (base 12) to base 2.
-1010101010110100010001
3c3210 (base 14) to base 10
2083102
What is -696e6 (base 15) in base 16?
-51f4b
What is 101342343 (base 5) in base 8?
1461251
What is -131210422 (base 5) in base 16?
-9e1bc
Convert -73034 (base 14) to base 7.
-2233064
155647 (base 13) to base 9
881667
What is -4828413 (base 9) in base 3?
-11220222110110
Convert -330422 (base 7) to base 16.
-e1ec
What is 5db0ac (base 14) in base 13?
88916c
Convert 13171856 (base 9) to base 12.
2208180
Convert 32221126 (base 9) to base 5.
12434400333
Convert -30778 (base 13) to base 16.
-153b5
What is -146906 (base 10) in base 15?
-2d7db
2cb05b1 (base 13) to base 5
12143034134
What is -303001312 (base 4) in base 16?
-33076
Convert 50315225 (base 6) to base 7.
15054620
Convert -110100100011101011 (base 2) to base 3.
-101221022011
Convert 15061a (base 15) to base 6.
33421511
What is 959c30 (base 13) in base 5?
1344200112
Convert 39978 (base 10) to base 4.
21300222
-2244455 (base 7) to base 16
-4463c
Convert -25343115 (base 7) to base 5.
-1041441241
What is 12413313 (base 6) in base 12?
177239
What is 275911 (base 12) in base 9?
1204374
Convert 111001111110000010 (base 2) to base 10.
237442
Convert -4834a (base 16) to base 2.
-1001000001101001010
Convert -1001011011010111100111 (base 2) to base 4.
-21123113213
What is 224422224 (base 5) in base 14?
1c57b2
-3003344 (base 7) to base 10
-354155
What is -20266446 (base 8) in base 9?
-8054652
What is 2815f (base 16) in base 2?
101000000101011111
Convert 6d8889 (base 16) to base 10.
7178377
What is -c74963 (base 13) in base 12?
-1690175
What is 883c1 (base 16) in base 8?
2101701
Convert -1110014114 (base 6) to base 2.
-101101111011010100011110
Convert aa262 (base 12) to base 9.
372572
227ac (base 13) to base 2
1111010101111001
Convert 20320130312 (base 4) to base 8.
10703466
2496589 (base 10) to base 12
a04951
What is -221213102 (base 4) in base 14?
-46190
3e8548 (base 16) to base 6
223453120
-1391295 (base 15) to base 2
-110101111001010011010100
440300 (base 6) to base 5
2131041
-141625 (base 7) to base 10
-27067
What is -10000100000110011 (base 2) in base 9?
-112700
-4a7ef (base 16) to base 3
-120111120022
What is -3985624 (base 11) in base 15?
-911152
-109693 (base 10) to base 12
-53591
Convert -45713 (base 14) to base 12.
-81805
Convert 203524213 (base 6) to base 16.
360a71
What is 3780762 (base 11) in base 3?
110100021202001
What is 13503524 (base 6) in base 7?
3623011
-5055e (base 16) to base 14
-87cbc
What is -112386 (base 10) in base 13?
-3c201
3001012220 (base 4) to base 13
219026
Convert -1a896 (base 16) to base 2.
-11010100010010110
What is -311220202 (base 5) in base 13?
-357679
Convert -100010111001110100 (base 2) to base 7.
-1133543
Convert 17a38 (base 11) to base 8.
61171
Convert -22b77c (base 15) to base 5.
-411040232
10010011010001011110 (base 2) to base 7
5061455
Convert -20707 (base 13) to base 2.
-1110001111001000
-2e435 (base 16) to base 14
-4d0b3
Convert -4001600 (base 7) to base 3.
-212221102002
Convert -11100011000110101000100 (base 2) to base 12.
-25aa684
What is -32b115 (base 13) in base 7?
-13106000
4a04b5 (base 12) to base 9
2233672
Convert 983a585 (base 11) to base 13.
3774ccb
-40610 (base 12) to base 10
-83820
What is 101000101011110111 (base 2) in base 3?
22110121010
What is 111120112120122 (base 3) in base 15?
9779db
Convert -6b0ae (base 16) to base 8.
-1530256
1211121210010 (base 3) to base 16
ee73d
Convert 22120354 (base 6) to base 16.
a208e
What is 1015101544 (base 6) in base 13?
2271484
-1321203330 (base 4) to base 16
-798fc
What is -59a5 (base 13) in base 11?
-9552
What is 204a1d (base 16) in base 7?
23662314
What is -1034232012 (base 5) in base 6?
-120223250
Convert -128e9 (base 15) to base 3.
-10000110210
Convert -155102430 (base 6) to base 12.
-1141a16
What is -43b3 (base 13) in base 10?
-9441
Convert 120313103201 (base 4) to base 11.
3752071
Convert 4d7a8 (base 14) to base 5.
22101411
Convert 4737325 (base 8) to base 9.
2382068
3044213412 (base 5) to base 7
104024320
Convert a8fa58 (base 16) to base 14.
1683a9a
2a37a9 (base 14) to base 12
5aa535
Convert 20ad3 (base 16) to base 6.
2511351
123966 (base 11) to base 9
327137
What is -304104405 (base 6) in base 11?
-2a5563a
8032191 (base 10) to base 14
10d127d
Convert -75410 (base 10) to base 3.
-10211102222
What is 873223 (base 10) in base 9?
1570747
-1010100100000001110 (base 2) to base 14
-901d4
Convert -49e928 (base 16) to base 7.
-56112625
What is 184862 (base 10) in base 6?
3543502
-7d7725 (base 14) to base 6
-231500553
Convert -24788 (base 9) to base 8.
-40455
4224330 (base 6) to base 10
205758
What is 31344606 (base 7) in base 5?
1134244400
-18545101 (base 9) to base 14
-1358d8d
What is -2610025 (base 7) in base 3?
-122012102021
Convert 101122033203 (base 4) to base 5.
2132021224
Convert -170844 (base 9) to base 4.
-121303000
544721 (base 11) to base 13
246001
8aa86 (base 14) to base 10
336846
What is 307551 (base 10) in base 6?
10331503
Convert b9215 (base 12) to base 10.
243953
Convert 203031100 (base 4) to base 2.
100011001101010000
1668d (base 14) to base 8
155565
11a33 (base 15) to base 10
56298
What is -3012000323 (base 4) in base 3?
-1112012120112
Convert -6577bb (base 12) to base 11.
-9aa613
-446436 (base 7) to base 2
-10011010100001001
What is -100011001010110110 (base 2) in base 12?
-6b446
Convert -2539d9 (base 14) to base 2.
-100110111111111011011
What is -2022120010 (base 3) in base 2?
-1011001000100110
30433424 (base 5) to base 14
66b8b
Convert -1532531 (base 6) to base 9.
-146471
What is -11561120 (base 9) in base 12?
-1a85709
Convert 13675 (base 8) to base 5.
143302
What is -1682a9 (base 11) in base 5?
-31304111
10110000010111101101011 (base 2) to base 11
3298096
What is -4062532 (base 7) in base 4?
-1312221010
Convert -1000010110001010111111 (base 2) to base 7.
-24411625
123305 (base 11) to base 9
326056
Convert -28332 (base 9) to base 16.
-4b1a
What is 37775 (base 8) in base 14?
5d81
Convert -1561179 (base 11) to base 7.
-31443115
2031504 (base 9) to base 10
1083703
124144320 (base 5) to base 9
1137373
What is -10407140 (base 8) in base 3?
-11012101121010
2b1fe6 (base 16) to base 12
b4365a
What is -1883067 (base 9) in base 11?
-663356
Convert 25622b (base 12) to base 4.
2111123003
-22002212022102 (base 3) to base 14
-801d04
What is 15b61c (base 14) in base 12?
30868a
Convert 1616242 (base 9) to base 5.
212144440
3331313 (base 4) to base 13
751a
Convert 13ac1ca (base 13) to base 5.
3100043442
310100111231 (base 4) to base 2
110100010000010101101101
Convert 28a4924 (base 11) to base 3.
100101020021122
Convert 1332141002 (base 5) to base 2.
1100111101001100011001
Convert -e2ca (base 15) to base 8.
-135422
What is -4126647 (base 9) in base 3?
-11010220201121
What is 2275 (base 15) in base 12?
4292
Convert 22121221111012 (base 3) to base 12.
1651465
What is 2340441 (base 5) in base 11?
2a545
Convert -10010000011100010100 (base 2) to base 12.
-246470
What is -14232024 (base 5) in base 9?
-246361
Convert 33136445 (base 7) to base 14.
542825
-122222112211 (base 3) to base 2
-1010110011010101101
Convert -1001101010011000 (base 2) to base 4.
-21222120
-22d14 (base 15) to base 11
-76399
81642 (base 9) to base 10
53741
Convert -360317 (base 10) to base 14.
-9544d
-66361 (base 12) to base 8
-410171
-9ba1 (base 13) to base 3
-1002212001
-1247082 (base 9) to base 15
